{"id":280,"date":"2012-07-04T15:48:34","date_gmt":"2012-07-04T15:48:34","guid":{"rendered":"http:\/\/www.edgarvidaurre.org\/?page_id=280"},"modified":"2018-02-24T00:30:30","modified_gmt":"2018-02-24T00:30:30","slug":"el-anima-en-la-escritura","status":"publish","type":"page","link":"https:\/\/edgarvidaurre.org\/?page_id=280","title":{"rendered":"El \u00e1nima en la escritura&#8230;"},"content":{"rendered":"\n<div class=\"twitter-share\"><a href=\"https:\/\/twitter.com\/intent\/tweet?via=evidaurre\" class=\"twitter-share-button\" data-size=\"large\">Tweet<\/a><\/div>\n<p><em>El poeta escribe para hacer visible lo que est\u00e1 en el interior&#8230;<\/em><\/p>\n<p style=\"text-align: justify;\"><strong>Entrevista realizada por la periodista Mate Gonz\u00e1lez el 1 de febrero de 2010<\/strong><\/p>\n<p style=\"text-align: justify;\">&nbsp;<\/p>\n<p style=\"text-align: justify;\"><a href=\"https:\/\/www.edgarvidaurre.org\/?attachment_id=290\" rel=\"attachment wp-att-290\"><img decoding=\"async\" loading=\"lazy\" class=\"alignleft size-thumbnail wp-image-290\" title=\"Sin t\u00edtulo\" src=\"https:\/\/www.edgarvidaurre.org\/wp-content\/uploads\/2012\/07\/Sin-t\u00edtulo-150x129.jpg\" alt=\"\" width=\"150\" height=\"129\"><\/a>Un piano de madera es el centro de la sala. Reinaba el sabio silencio de los libros de la biblioteca detr\u00e1s del piano. Un caballero completamente vestido de blanco aparece. Trajo su libro \u201cEl lugar m\u00e1s sosegado\u201d como obsequio. Lo acompa\u00f1a una gata persa. \u201cNo tengas miedo, es un gato-perro\u201d, me dijo. Y era cierto, la gata roz\u00f3 mi brazo.<\/p>\n<p style=\"text-align: justify;\">\u201cEscribir significa trascender, hacer visible lo que est\u00e1 en el interior de tu alma\u201d, dijo el poeta Edgar Vidaurre. \u201cUno no se hace escritor. La escritura es la expresi\u00f3n que manifiesta tu experiencia an\u00edmica y vivencial. No tengo rutina para escribir. Ser\u00eda terrible, ser\u00eda profesionalizar un evento puramente humano e \u00edntimo\u201d, sentencia. Su inspiraci\u00f3n la obtiene de los sue\u00f1os \u201cescribo lo que me venga y me toque, y luego me siento a armonizarlo\u201d.<\/p>\n<p style=\"text-align: justify;\">Su libro favorito es \u201cEl lamento de Ariadna\u201d, su propuesta a lo que la hija del Rey de Creta pudo sentir y decir cuando Teseo la abandon\u00f3 frente al mar en Naxos. Sin m\u00e1s, relat\u00f3 el mito de Ariadna: Teseo entra en el Laberinto del Minotauro y ella le da un hilo para que no se pierda y encuentre la salida. Teseo sobrevive y juntos huyen, pero \u00e9l la abandona. Varios autores, entre ellos Nietzsche y Monteverdi, imaginaron lo que la abandonada Ariadna sinti\u00f3. Vidaurre tambi\u00e9n quiso crear su versi\u00f3n. \u201cEs mi obra favorita. En ella me reencontr\u00e9 con aspectos femeninos como los sentimientos, las emociones y la intuici\u00f3n, con lo que Jung llamaba el \u00e1nima\u2026 Est\u00e1 escrito con voz de mujer y eso me parece importante\u201d.<\/p>\n<p style=\"text-align: justify;\">En el texto de Vidaurre, el autor ve a Teseo como hijo de Ariadna porque ambos est\u00e1n unidos por un hilo, una especie de cord\u00f3n umbilical, que al cortarse genera depresi\u00f3n en la mujer. Para \u00e9l, Ariadna es el espejo de Teseo, ambos son el abrazo entre lo masculino y lo femenino: Teseo vence las sombras y se integra con la luz, con su \u00e1nima\u2026 con Ariadna.<\/p>\n<p style=\"text-align: justify;\">La conversaci\u00f3n se interrumpe cuando Zaira Castro, cantante l\u00edrico y esposa de Vidaurre, entra en la sala con un beb\u00e9 en brazos. \u201c\u00c9l es el pr\u00edncipe Federico\u201d. As\u00ed el poeta presenta a su hijo, quien me regal\u00f3 una sonrisa sin dientes. El caballerito es el menor de seis hijos, todos artistas \u201cmenos el mayor. Un hombre de ciencias con alto componente emocional\u201d, afirma.<\/p>\n<p style=\"text-align: justify;\">Pero la pasi\u00f3n inicial de Vidaurre fue la m\u00fasica. A los tres a\u00f1os comenz\u00f3 sus estudios hasta que obtuvo el grado de pianista ejecutante, el mismo a\u00f1o que egres\u00f3 de la Facultad de Derecho de la UCAB. \u201cEjerc\u00ed muy poco la abogac\u00eda aunque mi formaci\u00f3n me pareci\u00f3 plena y hermosa. Actualmente, soy el director ejecutivo de la C\u00e1mara de Droguer\u00edas. Soy una especie de \u2018embajador\u2019 porque relaciono lo fr\u00edo y cient\u00edfico del gremio con su parte social\u201d.<\/p>\n<p style=\"text-align: justify;\">A este poeta, alumno de Elizabeth Sch\u00f4n e Ida Gramko, lo que m\u00e1s le gusta es vivir. \u201cVivir es ejercer tus atributos emocionales, f\u00edsicos, mentales y an\u00edmicos. Es necesario volverse un sabio para poder disfrutar la vida, si no lo haces te fragmentas\u201d. Vidaurre considera que la vida es la armon\u00eda entre la luz y la sombra: \u201cLa luz es la existencia y la sombra es la esencia. Si lo divides, te separas\u201d.<\/p>\n<p style=\"text-align: justify;\">Edgar Vidaurre escribi\u00f3 desde su intimidad \u201cEl lamento de Ariadna porque \u201cal hombre siempre lo acompa\u00f1a una sensaci\u00f3n de abandono\u201d.&nbsp; Confiesa que su relaci\u00f3n con su hijo menor \u201ces muy distante, porque \u00e9l ahora est\u00e1 muy apegado a su madre. Esa es mi carencia\u2026 Con Federico estoy aprendiendo que el v\u00ednculo debe hacerse desde el principio\u201d.<\/p>\n<p style=\"text-align: justify;\"><a href=\"https:\/\/www.edgarvidaurre.org\/?attachment_id=285\" rel=\"attachment wp-att-285\"><img decoding=\"async\" loading=\"lazy\" class=\"alignleft size-thumbnail wp-image-285\" title=\"HPIM6254\" src=\"https:\/\/www.edgarvidaurre.org\/wp-content\/uploads\/2012\/07\/HPIM6254-150x150.jpg\" alt=\"\" width=\"150\" height=\"150\"><\/a><\/p>\n<p>&nbsp;<\/p>\n","protected":false},"excerpt":{"rendered":"<p>El poeta escribe para hacer visible lo que est\u00e1 en el interior&#8230; Entrevista realizada por la periodista Mate Gonz\u00e1lez el 1 de febrero de 2010 &nbsp; Un piano de madera es el centro de la sala. Reinaba el sabio silencio de los libros de la biblioteca detr\u00e1s del piano. Un caballero completamente vestido de blanco&#8230;<\/p>\n","protected":false},"author":2,"featured_media":0,"parent":5,"menu_order":0,"comment_status":"closed","ping_status":"closed","template":"","meta":{"ngg_post_thumbnail":0,"jetpack_post_was_ever_published":false},"jetpack_sharing_enabled":true,"jetpack_shortlink":"https:\/\/wp.me\/P9ptYK-4w","_links":{"self":[{"href":"https:\/\/edgarvidaurre.org\/index.php?rest_route=\/wp\/v2\/pages\/280"}],"collection":[{"href":"https:\/\/edgarvidaurre.org\/index.php?rest_route=\/wp\/v2\/pages"}],"about":[{"href":"https:\/\/edgarvidaurre.org\/index.php?rest_route=\/wp\/v2\/types\/page"}],"author":[{"embeddable":true,"href":"https:\/\/edgarvidaurre.org\/index.php?rest_route=\/wp\/v2\/users\/2"}],"replies":[{"embeddable":true,"href":"https:\/\/edgarvidaurre.org\/index.php?rest_route=%2Fwp%2Fv2%2Fcomments&post=280"}],"version-history":[{"count":10,"href":"https:\/\/edgarvidaurre.org\/index.php?rest_route=\/wp\/v2\/pages\/280\/revisions"}],"predecessor-version":[{"id":1414,"href":"https:\/\/edgarvidaurre.org\/index.php?rest_route=\/wp\/v2\/pages\/280\/revisions\/1414"}],"up":[{"embeddable":true,"href":"https:\/\/edgarvidaurre.org\/index.php?rest_route=\/wp\/v2\/pages\/5"}],"wp:attachment":[{"href":"https:\/\/edgarvidaurre.org\/index.php?rest_route=%2Fwp%2Fv2%2Fmedia&parent=280"}],"curies":[{"name":"wp","href":"https:\/\/api.w.org\/{rel}","templated":true}]}}