{"id":1633,"date":"2020-03-17T05:29:50","date_gmt":"2020-03-17T05:29:50","guid":{"rendered":"https:\/\/edgarvidaurre.org\/?page_id=1633"},"modified":"2020-03-18T01:33:21","modified_gmt":"2020-03-18T01:33:21","slug":"al-este-de-la-melancolia-2","status":"publish","type":"page","link":"https:\/\/edgarvidaurre.org\/?page_id=1633","title":{"rendered":"Al este de la melancol\u00eda"},"content":{"rendered":"\n<div class=\"twitter-share\"><a href=\"https:\/\/twitter.com\/intent\/tweet?via=evidaurre\" class=\"twitter-share-button\" data-size=\"large\">Tweet<\/a><\/div>\n\n<p><\/p>\n\n\n\n<figure class=\"wp-block-image size-large is-resized\"><img decoding=\"async\" loading=\"lazy\" src=\"https:\/\/edgarvidaurre.org\/wp-content\/uploads\/2020\/03\/e32c9b278b5ff953d4a059f6f51af944.jpg\" alt=\"\" class=\"wp-image-1634\" width=\"607\" height=\"606\" srcset=\"https:\/\/edgarvidaurre.org\/wp-content\/uploads\/2020\/03\/e32c9b278b5ff953d4a059f6f51af944.jpg 500w, https:\/\/edgarvidaurre.org\/wp-content\/uploads\/2020\/03\/e32c9b278b5ff953d4a059f6f51af944-300x300.jpg 300w, https:\/\/edgarvidaurre.org\/wp-content\/uploads\/2020\/03\/e32c9b278b5ff953d4a059f6f51af944-150x150.jpg 150w\" sizes=\"(max-width: 607px) 100vw, 607px\" \/><\/figure>\n\n\n\n<h1 class=\"wp-block-heading\">Al este de la melancol\u00eda<\/h1>\n\n\n\n<p>APOCAT\u00c1STASIS<br> <br><em>Apocat\u00e1stasis: del griego, \u03b1\u03c0\u03bf\u03ba\u03b1\u03b8\u03b9\u03c3\u03c4\u03ce&nbsp;-pronunciado&nbsp;apokacist\u00f3-: Re-poner una cosa en su puesto primario. Restaurar algo en su estado original<\/em><\/p>\n\n\n\n<p>I<\/p>\n\n\n\n<p><em>S\u00f3lo t\u00fa vuelves siempre a\nrenacer:<\/em><br>\n<em>Porque nunca te tuve, te retengo<\/em><\/p>\n\n\n\n<p>El sol de nuevo en los ojos<br>\u00bfC\u00f3mo se reflejar\u00e1 eso en su alma?<\/p>\n\n\n\n<p>Lo que precede al brote de la rama<br>Una mujer doble se precipita al vac\u00edo<br>El vac\u00edo abraza<br>Transforma<\/p>\n\n\n\n<p>Al final de una tormenta ciega<br>La ni\u00f1a pronuncia<br>Su primera palabra<\/p>\n\n\n\n<p>II<\/p>\n\n\n\n<p><em>S\u00f3lo tu sonrisa permanece\ncomo muchas estrellas sobre ti<\/em><br>\n<em>y pronto tambi\u00e9n sobre mi<\/em><\/p>\n\n\n\n<p>El cierra los ojos<br>\u00bfEra el oc\u00e9ano o el alma?<\/p>\n\n\n\n<p>Las ra\u00edces se alargan en el viento<br>La rama estremecida<br>Un hombre doble se precipita al vac\u00edo<br>El vac\u00edo contiene<br>Transforma<\/p>\n\n\n\n<p>Al final de una tormenta ciega<br>Un ni\u00f1o emerge&nbsp;<br>De las aguas<br>Las \u00faltimas<br>Las primeras<\/p>\n\n\n\n<p>III<\/p>\n\n\n\n<p><em>Engrandece mi alma al Se\u00f1or y mi coraz\u00f3n se regocija<\/em><br><em>Porque ha mirado la humildad de su sierva<\/em><\/p>\n\n\n\n<p>Madona\ncon el rostro hendido<\/p>\n\n\n\n<p>Ha traspasado el umbral<br>Del placer que la diluye&nbsp;<br>A la conciencia del dolor<br>Que le devuelve otro amor m\u00e1s elevado.<\/p>\n\n\n\n<p>Su estatus virginal<br>Deviene as\u00ed m\u00e1s claro&nbsp;<br>M\u00e1s v\u00edvido <\/p>\n\n\n\n<p>\u2013 Otra clase de pureza<br>Que la despoja nuevamente de s\u00ed misma.<\/p>\n\n\n\n<p>IV<\/p>\n\n\n\n<p><em>Como la cierva sedienta en busca de un rio, as\u00ed, Dios m\u00edo, te busco a ti.<\/em> <em>Tengo sed de Dios, del Dios de la vida<\/em><\/p>\n\n\n\n<p>En el centro m\u00e1s secreto y abierto<br>Hay un lago de aguas iridiscentes<br>Donde abreva su sed <\/p>\n\n\n\n<p>La\nCierva blanca del se\u00f1or<\/p>\n\n\n\n<p>Esa doncella que me habita<br> <br>Su boca<br>Centro luminoso donde sacio la sed<\/p>\n\n\n\n<p>Mojo los labios en esa plenitud<br>Y el deseo se despliega<br>Convertido en palabra iluminada<\/p>\n\n\n\n<p>Tu palabra<\/p>\n\n\n\n<p>No la m\u00eda<\/p>\n\n\n\n<p>V<\/p>\n\n\n\n<p><em>La dulce sed del amor, me\ncondujo a trav\u00e9s de los desiertos de la belleza<\/em><\/p>\n\n\n\n<p>Regresar a los espacios verdaderos del amor<br>Reconocer la soledad como primera instancia del ser<br>Dulce sed de amor<br>Otra forma de amar<\/p>\n\n\n\n<p>Atravesar los desiertos de la belleza<br>Para llegar a ti<\/p>\n\n\n\n<p>VI<\/p>\n\n\n\n<p>Mi sue\u00f1o es un lago interior<br>Donde se esparce la luz de tu rostro<br>Desde la hondura a la orilla del deseo<\/p>\n\n\n\n<p>Mi sed confluyendo con las aguas<br>Una realidad m\u00e1s vasta<br>Que se parece a tu boca<\/p>\n\n\n\n<p>VII<\/p>\n\n\n\n<p>Todo pasa por los labios y la boca<br>El deseo, el dolor y la sed<\/p>\n\n\n\n<p>Una Cierva en la orilla de mi lago<br>Me ense\u00f1a que la sed <\/p>\n\n\n\n<p>Es\nel camino hacia la fuente<\/p>\n\n\n\n<p>Ella trasciende mi deseo<br>Lo sublima cuando acerca su boca<br>Al abrevadero de mi pecho<br> <br>El espacio entre sus labios <\/p>\n\n\n\n<p>Y los corp\u00fasculos de mi piel<\/p>\n\n\n\n<p>Campo de resurrecci\u00f3n<br>Instancia que expresa la \u00faltima realidad<\/p>\n\n\n\n<p>VIII<\/p>\n\n\n\n<p>Ella se descalza en la orilla\ndel lago<\/p>\n\n\n\n<p>Esparce a Dios sobre las aguas<br>Se esparce a s\u00ed misma<br>A trav\u00e9s de la abertura de los labios<\/p>\n\n\n\n<p>Brecha h\u00fameda y pulsante<br>Por donde pasa la luz<br>Por donde todo se abre y se cierra<\/p>\n\n\n\n<p>IX<\/p>\n\n\n\n<p>Yo entro, penetro la brecha<br>Me repliego hasta el origen<br>Apocat\u00e1stasis que restituye<br>Mi primera respiraci\u00f3n<br>Mi primer gesto de amor<\/p>\n\n\n\n<p>Cierro los ojos<br>En el centro de la noche<br>Donde la luz se hace virgen de nuevo<br>Como un jazm\u00edn<\/p>\n\n\n\n<p>X<\/p>\n\n\n\n<p>Los frutos me hacen entender la gravedad<br>La gravidez de las dulzuras<\/p>\n\n\n\n<p>No es lo que vemos o palpamos<br>Lo que te muestra en su pureza<br>Lo que te hace virgen<\/p>\n\n\n\n<p>Tu pureza est\u00e1 en el gesto<br>De dejarme retornar a tu vientre<br>Para ser de nuevo fruto<br>Y reconocerme en tu mirada<\/p>\n\n\n\n<p>XI<\/p>\n\n\n\n<p>El cielo en la tierra<br>Por la gracia de tus ojos<\/p>\n\n\n\n<p>Ella se manifiesta ante m\u00ed<br>Me purifico nuevamente en sus entra\u00f1as<br>Solo soy, solo existo dentro de ella<\/p>\n\n\n\n<p>Lloro y al mismo tiempo sue\u00f1o<br>En el borde del lago<br>Donde a veces me desprendo<\/p>\n\n\n\n<p>El alma: ilusi\u00f3n de singularidad<br>Que solo se expresa en la invisibilidad de la carne<\/p>\n\n\n\n<p>XII<\/p>\n\n\n\n<p>Todo asciende<br>Todo se eleva en su presencia<\/p>\n\n\n\n<p>M\u00e1s ella se entrega generosa<br>Se deja hacer tu voluntad<br>Acepta la carga de ejercer la pureza desde el cuerpo<\/p>\n\n\n\n<p>Solo ah\u00ed es posible entonces<br>Regresar<\/p>\n\n\n\n<p>XIII<\/p>\n\n\n\n<p>Yo crezco para ti<br>Me elevo hasta tu cielo<\/p>\n\n\n\n<p>Pero es tu lluvia la que humedece mis sue\u00f1os<br>Desde la sagrada consistencia de tu cuerpo<br>Donde me hago et\u00e9reo<\/p>\n\n\n\n<p>Cuando eres t\u00fa la que se eleva<br>Yo desciendo hasta el origen<br>Por tu hendidura donde lo inefable<br>Se hace carne de mi carne<\/p>\n\n\n\n<p>XIV<\/p>\n\n\n\n<p>Todo mi eros te celebra<br>Lo visible sucumbe ante ti<br>Que me tornas entonces invisible<\/p>\n\n\n\n<p>Solo te veo cuando cierro los ojos<br>Tu numinosidad<\/p>\n\n\n\n<p>M\u00e1s all\u00e1 de la herida, m\u00e1s atr\u00e1s<br>En la secuencia sin tiempo<br>En el origen, el inicio, el&nbsp;<em>escat\u00f3n<\/em><\/p>\n\n\n\n<p>Desde la ra\u00edz a los aromas<br>Solo por ti me asumo \u00e1rbol<br>Me transformo<\/p>\n\n\n\n<p>XV<\/p>\n\n\n\n<p>Esa mujer que me habita y me sostiene<br>Sale de m\u00ed para mostrarse como una herida<br>Ella me gu\u00eda a trav\u00e9s de lo secreto y profundo<\/p>\n\n\n\n<p>La herida se transforma en un cord\u00f3n de luz<br>Esa fisura sagrada en el umbral de tu vientre<br>Para iniciar este viaje al centro de m\u00ed mismo<\/p>\n\n\n\n<p>Apocat\u00e1stasis del alma<br>Donde el mundo visible, encarnado<br>Se muestra en su extrema y abarcante doncellez<\/p>\n\n\n\n<iframe loading=\"lazy\" width=\"600\" height=\"350\" src=\"https:\/\/www.youtube.com\/embed\/YApASxglU4c\" frameborder=\"0\" allow=\"accelerometer; autoplay; encrypted-media; gyroscope; picture-in-picture\" allowfullscreen=\"\"><\/iframe>\n\n\n\n<h2 class=\"wp-block-heading\"><\/h2>\n\n\n\n<p><\/p>\n\n\n\n<p><\/p>\n\n\n\n<p><\/p>\n\n\n\n<p><\/p>\n\n\n\n<h1 class=\"wp-block-heading\">&nbsp;<\/h1>\n\n\n\n<h1 class=\"wp-block-heading\">&nbsp;<\/h1>\n\n\n\n<h1 class=\"wp-block-heading\">&nbsp;<\/h1>\n\n\n\n<h1 class=\"wp-block-heading\">&nbsp;<\/h1>\n\n\n\n<h1 class=\"wp-block-heading\">&nbsp;<\/h1>\n","protected":false},"excerpt":{"rendered":"<p>Al este de la melancol\u00eda APOCAT\u00c1STASIS Apocat\u00e1stasis: del griego, \u03b1\u03c0\u03bf\u03ba\u03b1\u03b8\u03b9\u03c3\u03c4\u03ce&nbsp;-pronunciado&nbsp;apokacist\u00f3-: Re-poner una cosa en su puesto primario. Restaurar algo en su estado original I S\u00f3lo t\u00fa vuelves siempre a renacer: Porque nunca te tuve, te retengo El sol de nuevo en los ojos\u00bfC\u00f3mo se reflejar\u00e1 eso en su alma? Lo que precede al brote de&#8230;<\/p>\n","protected":false},"author":2,"featured_media":0,"parent":7,"menu_order":0,"comment_status":"closed","ping_status":"closed","template":"","meta":{"ngg_post_thumbnail":0,"jetpack_post_was_ever_published":false},"jetpack_sharing_enabled":true,"jetpack_shortlink":"https:\/\/wp.me\/P9ptYK-ql","_links":{"self":[{"href":"https:\/\/edgarvidaurre.org\/index.php?rest_route=\/wp\/v2\/pages\/1633"}],"collection":[{"href":"https:\/\/edgarvidaurre.org\/index.php?rest_route=\/wp\/v2\/pages"}],"about":[{"href":"https:\/\/edgarvidaurre.org\/index.php?rest_route=\/wp\/v2\/types\/page"}],"author":[{"embeddable":true,"href":"https:\/\/edgarvidaurre.org\/index.php?rest_route=\/wp\/v2\/users\/2"}],"replies":[{"embeddable":true,"href":"https:\/\/edgarvidaurre.org\/index.php?rest_route=%2Fwp%2Fv2%2Fcomments&post=1633"}],"version-history":[{"count":2,"href":"https:\/\/edgarvidaurre.org\/index.php?rest_route=\/wp\/v2\/pages\/1633\/revisions"}],"predecessor-version":[{"id":1643,"href":"https:\/\/edgarvidaurre.org\/index.php?rest_route=\/wp\/v2\/pages\/1633\/revisions\/1643"}],"up":[{"embeddable":true,"href":"https:\/\/edgarvidaurre.org\/index.php?rest_route=\/wp\/v2\/pages\/7"}],"wp:attachment":[{"href":"https:\/\/edgarvidaurre.org\/index.php?rest_route=%2Fwp%2Fv2%2Fmedia&parent=1633"}],"curies":[{"name":"wp","href":"https:\/\/api.w.org\/{rel}","templated":true}]}}