{"id":163,"date":"2011-05-12T03:42:56","date_gmt":"2011-05-12T03:42:56","guid":{"rendered":"http:\/\/www.edgarvidaurre.org\/?page_id=163"},"modified":"2018-02-24T00:25:26","modified_gmt":"2018-02-24T00:25:26","slug":"cronicas-de-grecia-i","status":"publish","type":"page","link":"https:\/\/edgarvidaurre.org\/?page_id=163","title":{"rendered":"Cr\u00f3nicas de Grecia (inicio)&#8230;"},"content":{"rendered":"\n<div class=\"twitter-share\"><a href=\"https:\/\/twitter.com\/intent\/tweet?via=evidaurre\" class=\"twitter-share-button\" data-size=\"large\">Tweet<\/a><\/div>\n<p style=\"text-align: justify;\"><a href=\"https:\/\/www.edgarvidaurre.org\/wp-content\/uploads\/2011\/05\/kauffmann-ariadna-in-naxos.jpg\"><img decoding=\"async\" loading=\"lazy\" class=\"aligncenter size-full wp-image-431\" src=\"https:\/\/www.edgarvidaurre.org\/wp-content\/uploads\/2011\/05\/kauffmann-ariadna-in-naxos.jpg\" alt=\"kauffmann-ariadna-in-naxos\" width=\"300\" height=\"300\" srcset=\"https:\/\/edgarvidaurre.org\/wp-content\/uploads\/2011\/05\/kauffmann-ariadna-in-naxos.jpg 300w, https:\/\/edgarvidaurre.org\/wp-content\/uploads\/2011\/05\/kauffmann-ariadna-in-naxos-150x150.jpg 150w\" sizes=\"(max-width: 300px) 100vw, 300px\" \/><\/a><\/p>\n<p style=\"text-align: justify;\">Octubre 24-2008<\/p>\n<p style=\"text-align: justify;\">Empiezo esta cr\u00f3nica en la mitad del viaje\u2026en el centro de la vivencia, del recorrido. Como si al mismo tiempo se tratara del punto central de la conciencia, del saber&nbsp;<em>\u201cel por qu\u00e9\u201d<\/em> del viaje. Coincide con la llegada y la salida de la isla de Naxos\u2026del Laberinto. Por eso he tomado tantas im\u00e1genes de las puertas de Naxos. Puertas cerradas, como si nunca se hubieran abierto\u2026s\u00f3lo est\u00e1n all\u00ed inmutables, eternas. Coincide tambi\u00e9n con este momento de mi vida. He salido de Atenas, despu\u00e9s de matar y luchar con el \u00faltimo monstruo, con el \u00faltimo de los cuernos de la sombra. Pero esta bella traves\u00eda es al mismo tiempo la conjura de la soledad. Es octubre y ella me mira, se deja tomar las manos. Hemos llorado\u2026nos hemos perdido intensamente por los pasillos del laberinto, tratando de reecontrar el centro\u2026o eso que llamamos centro. Guiado por su inteligencia, retorno a la luz\u2026y Naxos es luz. En Atenas me pregunt\u00f3 si la amaba\u2026si alguna vez la iba a abandonar. Hemos cruzado sin embargo tantas puertas, escuchado el viento en los olivares, el sonido de la luz sobre nosotros, para llegar a la orilla, a la \u00faltima luz, la m\u00e1s bella. Hoy dejamos Naxos\u2026 y aunque yo amo las sombras, o esa otra luz que no es solar o cegadora, esta vez Ariadna no se ha quedado sola. Ella toma mi mano fuertemente para unir fuerzas\u2026para seguir no s\u00e9 hasta donde, no s\u00e9 si se podr\u00e1n abrir esas puertas.<\/p>\n","protected":false},"excerpt":{"rendered":"<p>Octubre 24-2008 Empiezo esta cr\u00f3nica en la mitad del viaje\u2026en el centro de la vivencia, del recorrido. Como si al mismo tiempo se tratara del punto central de la conciencia, del saber&nbsp;\u201cel por qu\u00e9\u201d del viaje. Coincide con la llegada y la salida de la isla de Naxos\u2026del Laberinto. Por eso he tomado tantas im\u00e1genes&#8230;<\/p>\n","protected":false},"author":2,"featured_media":0,"parent":5,"menu_order":0,"comment_status":"closed","ping_status":"closed","template":"","meta":{"ngg_post_thumbnail":0,"jetpack_post_was_ever_published":false},"jetpack_sharing_enabled":true,"jetpack_shortlink":"https:\/\/wp.me\/P9ptYK-2D","_links":{"self":[{"href":"https:\/\/edgarvidaurre.org\/index.php?rest_route=\/wp\/v2\/pages\/163"}],"collection":[{"href":"https:\/\/edgarvidaurre.org\/index.php?rest_route=\/wp\/v2\/pages"}],"about":[{"href":"https:\/\/edgarvidaurre.org\/index.php?rest_route=\/wp\/v2\/types\/page"}],"author":[{"embeddable":true,"href":"https:\/\/edgarvidaurre.org\/index.php?rest_route=\/wp\/v2\/users\/2"}],"replies":[{"embeddable":true,"href":"https:\/\/edgarvidaurre.org\/index.php?rest_route=%2Fwp%2Fv2%2Fcomments&post=163"}],"version-history":[{"count":14,"href":"https:\/\/edgarvidaurre.org\/index.php?rest_route=\/wp\/v2\/pages\/163\/revisions"}],"predecessor-version":[{"id":1410,"href":"https:\/\/edgarvidaurre.org\/index.php?rest_route=\/wp\/v2\/pages\/163\/revisions\/1410"}],"up":[{"embeddable":true,"href":"https:\/\/edgarvidaurre.org\/index.php?rest_route=\/wp\/v2\/pages\/5"}],"wp:attachment":[{"href":"https:\/\/edgarvidaurre.org\/index.php?rest_route=%2Fwp%2Fv2%2Fmedia&parent=163"}],"curies":[{"name":"wp","href":"https:\/\/api.w.org\/{rel}","templated":true}]}}